) = t**2 + t - 2. Let y be i(10). Let l = h + y. Calculate the greatest common factor of l and 93.
31
Suppose -31*c + 2182 + 1538 = 0. Let p = -6 + 3. Let s be (30*2)/(p/(-4)). Calculate the greatest common factor of c and s.
40
Let m(v) = -v**2 - 68*v + 713. Let h be m(-77). Calculate the highest common factor of 10930 and h.
10
Suppose j + 4*n = -6, -62*n + 12 = -4*j - 76*n. What is the greatest common divisor of j and 7758?
18
Suppose 47*r - 169 - 72 = -6. Calculate the highest common factor of 145 and r.
5
Suppose 11700 = 74*k - 56*k. Suppose -k = -g - 615. What is the highest common divisor of g and 14?
7
Let x be (-15)/(2 + -5)*440/44. Calculate the highest common divisor of x and 225.
25
Suppose -6*s + 18*s - 132 = 0. Suppose 0 = -12*d + s*d - 36. Let t be (60/(-120))/(2/d*1). Calculate the greatest common factor of t and 6.
3
Suppose 4*o + 2 = 50. Let y be (o/(-7))/4 + (-264)/(-77). Suppose -j + 3*l + 40 = -2*l, y*l + 92 = 4*j. What is the highest common divisor of j and 4?
4
Let w be 40/3*(-18)/(-8). Suppose w + 0 = 2*b. Let p = b - -13. What is the highest common factor of 56 and p?
28
Suppose -9*s + 1127 - 173 = 0. Suppose s*k = 113*k - 784. What is the greatest common divisor of k and 32?
16
Suppose 0 = -10*k - 14*k + 600. Suppose 5*y + k = 3*o, -46*y - 10 = -41*y. Calculate the greatest common factor of o and 35.
5
Let r(s) = -193*s + 268. Let j be r(-12). Calculate the greatest common divisor of j and 152.
152
Let m be -8 - -3 - (23/(-2))/(26/312). Suppose 2*c + 3 - 41 = 0. What is the highest common factor of m and c?
19
Let k be 870/8*(1344/18)/(-14). Let y = k - -664. Calculate the highest common divisor of 8 and y.
4
Let y = 53 - 51. Suppose -59 = -2*n + y*q - 19, 36 = 3*n + 5*q. Calculate the highest common factor of n and 136.
17
Suppose 4*x - 3*o = 10694, x - 75*o = -74*o + 2675. Calculate the highest common factor of x and 157.
157
Let k(a) = 2*a**2 - 23*a - 22. Let j(s) = 2*s. Let o(m) = 6*j(m) + k(m). Let u be o(-13). Calculate the highest common factor of u and 51.
51
Let t(c) = 3*c - 45 + 6 - 2*c - 5*c. Let h be t(-9). Let m be -45*(h + -3 + 5). What is the highest common divisor of m and 450?
45
Suppose 256 = 7*t + t. Let v be t/10 + 13/(-65). Suppose -3*m = -5*n + 160, 3*n = 6*m - v*m + 96. Calculate the greatest common factor of 352 and n.
32
Let u = 92 - -112. Suppose -5*z = -7*z + u. Suppose 0 = -2*y + z + 338. What is the highest common divisor of y and 20?
20
Let s = -867 - -894. Let r be (-1 - (-3)/2)*6. Calculate the highest common factor of r and s.
3
Let f(b) = -128*b + 85. Let h be f(-3). Let j be (192/14)/(134/h). Let s(w) = -15*w + 6. Let l be s(-6). Calculate the highest common divisor of l and j.
48
Suppose 0 = g + 5*z + 24, 6*g = 2*g - 2*z - 6. Let u(i) = 5*i**2 + 2*i - 1. Let t be u(g). Calculate the greatest common factor of 42 and t.
6
Let d = 12218 + -6678. What is the greatest common factor of d and 20?
20
Let z = -17 - -27. Suppose 8*d + 8 = z*d. Suppose h + 25 = 4*t, 7*h - 23 = -2*t + d*h. Calculate the greatest common factor of t and 28.
7
Let i = -61223 + 61368. Let o = -104 - -162. What is the highest common divisor of i and o?
29
Suppose -7*b - 21 = -0*b. Let r be b*((-8)/(-4) + -3). Let u = 4 - r. What is the highest common factor of u and 7?
1
Suppose 3*w - 5*d - 449 - 345 = 0, 0 = w + 2*d - 283. Let u be (w/(-9))/(1*(-3)/36). What is the highest common factor of u and 84?
28
Let k(p) = p**3 + p**2. Let j = -39 + 42. Let t be k(j). Suppose -16 = -u - 4. What is the highest common factor of t and u?
12
Let w be (-42 - -49)*(-34)/(-7) + 3. Calculate the greatest common factor of w and 1221.
37
Suppose -o = -j + 306, 221*j - 224*j - o + 910 = 0. Calculate the highest common factor of 114 and j.
38
Suppose 0 = -3*z + 1 + 8, 0 = -g + 3*z - 3. Suppose -2*y - g + 0 = 0. Let k(o) = -19*o - 1. Let s be k(y). Calculate the greatest common divisor of 7 and s.
7
Let b = -163 + 166. Let r be 58/(-6)*-6 - b. Calculate the greatest common divisor of r and 77.
11
Suppose -25*j - 11590 = -2190. Let d = j - -876. Calculate the highest common divisor of 20 and d.
20
Let f(z) = 25*z + 12. Let l be (69/15 - 1)*(-15)/(-2). Let h = l - 23. Let p be f(h). Calculate the greatest common factor of 14 and p.
14
Suppose -5082*o = -5018*o - 36864. Suppose 246 = 5*l - 114. What is the highest common divisor of l and o?
72
Let s be 3 + (9/1 - -5) + -5. Calculate the highest common factor of 716 and s.
4
Let t = -360 - -200. Let d = t - -406. Let b = -174 + d. What is the highest common factor of b and 9?
9
Suppose 0 = 2*o + 5*a - 118, -40*a = 2*o - 37*a - 102. What is the highest common divisor of o and 2197?
13
Suppose 0 = -141*s + 135*s + 25398. What is the highest common factor of s and 51?
51
Let j be (-298)/((-9)/((-27)/(-6))). Suppose -5*z - 79 = -j. Calculate the highest common divisor of 42 and z.
14
Let m be 4*(25/4 + 2 + -4). Suppose m*k - 10*k - 273 = 0. Calculate the greatest common divisor of 234 and k.
39
Suppose 16*s = 17*s + c - 9, s + 3 = c. Calculate the greatest common divisor of s and 135.
3
Let q be (-14)/6*66825/(-81). What is the greatest common divisor of q and 175?
175
Suppose -d + 1018 = -2*k, -5*d + 3*k + 3805 + 1306 = 0. Suppose 16*n - d = -0*n. What is the greatest common divisor of n and 24?
8
Let p(l) = -6*l**2 + 17*l**3 - 5*l**2 + 10*l**2 - 2*l + 4*l - 5*l + 6. Let x be p(2). What is the highest common divisor of 594 and x?
66
Suppose -58*l + 30121 + 344238 + 60815 = 0. What is the highest common divisor of 183 and l?
183
Let j = 1906 + -1848. What is the greatest common factor of j and 6206?
58
Let y(u) = -60*u. Let a be y(-1). Let o = a + -45. Suppose -630 = 24*i - 30*i. What is the highest common factor of i and o?
15
Let c = -2670 + 2754. What is the highest common divisor of 196 and c?
28
Let b(x) = -4*x**3 + 12*x - 47. Let o be b(-5). What is the highest common factor of o and 24?
3
Suppose 1041 = -12*k + 1881. What is the highest common factor of k and 19180?
70
Let a be -2*2/4 - -49. Let p = 44 + -60. Let j be p/6*(-63)/14. What is the greatest common divisor of a and j?
12
Let n be (-19)/2 - 10/(-20). Let t be 4 - (n + -2 + 3). Suppose 0 = 2*j - 24. What is the greatest common divisor of t and j?
12
Suppose 0 = 2*d - 127 + 355. Let l = 167 + d. What is the highest common divisor of l and 424?
53
Let w be -26*((1 - 6) + -1 + 7). Let r = w + 90. Suppose -i = a - 7, -2*i - 26 = a - 4*a. Calculate the greatest common factor of a and r.
8
Suppose -5*h + 18*o + 40475 = 13*o, -2*h + 4*o = -16180. What is the highest common divisor of h and 81?
81
Suppose 3*t - 5*n - 43 = 14, 0 = n. Let a(u) be the second derivative of u**3/6 + 10*u**2 - 59*u. Let m be a(t). What is the greatest common divisor of 3 and m?
3
Suppose -27*r - 128 = -29*r. Let m(u) = -u**2 - 5*u + 7. Let j be m(-6). Let t be (10 + -6)*(5 - j). Calculate the greatest common factor of t and r.
16
Suppose 4*w = -13*g + 17*g + 36, 5*g = 2*w - 9. Let t be 1 - (-1)/(-1) - -3. Suppose t = k - 5. Calculate the highest common divisor of k and w.
4
Suppose 8*o = -339 + 963. Let p = o + -71. What is the greatest common divisor of 7 and p?
7
Suppose 0 = -217*j + 216*j - 15. Let z(r) = -r**3 - 15*r**2 - 4*r - 49. Let x be z(j). What is the greatest common divisor of x and 143?
11
Let g = -2099 + 2575. What is the greatest common divisor of g and 16?
4
Let x(t) = -t**3 + 24*t**2 + 2*t - 92. Let l be x(12). Calculate the greatest common factor of 40 and l.
20
Let g = -414 - -418. Suppose g*z - 3*z = -3*o + 68, 4*z + 2*o = 242. Calculate the highest common factor of 177 and z.
59
Suppose -2*p + 25 = -0*s - 5*s, 130 = 5*p + s. Calculate the highest common divisor of p and 2325.
25
Suppose 0 = 6*v - 11*v + 7815. Let b = -763 + v. Calculate the highest common divisor of b and 50.
50
Let n be (-248)/(-6) + 1/(-3). Suppose 8*m = -2*m - 240. Let d = n + m. What is the highest common factor of d and 153?
17
Let f = -5071 + 5083. What is the greatest common factor of f and 164?
4
Let w(h) = -3*h - 61. Let a be w(-21). Let f = a + 14. Let b = 8 - 0. What is the greatest common divisor of f and b?
8
Suppose 2*n - 20*t + 25 = -25*t, -5*t + 15 = -2*n. Let q = 265 + n. What is the highest common divisor of 30 and q?
15
Let l(t) = -t**3 - 75*t**2 + 